 p.
19
Let z = 87 - 67. What is the highest common divisor of z and 160?
20
Let v be 0 + -4*(-2)/8. Let c be 12 - ((-4)/(-4) + v). What is the highest common factor of 4 and c?
2
Suppose 13*o + 14 = 14*o. Calculate the highest common divisor of o and 70.
14
Suppose a = -6*a + 140. What is the highest common divisor of a and 40?
20
Suppose -6*i = -0*i - 150. Calculate the highest common divisor of i and 225.
25
Let m be 39 - (1 + 0 - 2). Let i be 20/(-90) + (-148)/(-18). What is the greatest common factor of m and i?
8
Let m(y) = 28*y - 16. Let v be m(7). What is the highest common divisor of v and 45?
45
Suppose 4*w - 5 = 2*k - 3, -2*k + w = 8. Let o be (-32 - k)/(1/(-7)). Calculate the greatest common divisor of 21 and o.
21
Let t(m) = -m**2 - 4 - 5*m + 7 + 11 + 6*m. Let h be t(0). Let j be ((-48)/h)/((-1)/7). What is the greatest common divisor of 16 and j?
8
Let b(o) = 80*o**2 + o + 1. Let h be b(-1). Let t(k) = -k**3 + 9*k**2 + 10. Let q be t(9). Calculate the highest common divisor of h and q.
10
Let h(u) = -u - 5. Let r be h(-3). Let c be 1*(r + 5)*-3. Let f = -1 - c. What is the highest common factor of 12 and f?
4
Let x be (0 - 6)/(0 + -2). Let a = x - 0. Suppose -2*g - a*g = 10, 2*v - 38 = 4*g. Calculate the highest common divisor of 105 and v.
15
Let m(a) = a**2 - 4*a + 7. Let j(g) = -g. Let h be j(-6). Let s be m(h). Suppose -5*v + 41 + s = 0. What is the greatest common factor of 18 and v?
6
Suppose 0 = -o + 3*o - 110. Let t = 9 + -4. Calculate the greatest common factor of o and t.
5
Suppose g = a - 6, 38 - 5 = 4*a - g. Let u be 1*6*81/2. Let f = u + -162. Calculate the highest common factor of f and a.
9
Suppose 0 = 2*v - 3*v + 4. Suppose -5*u - 5*g = -170, -u + 3 = -v*g - 11. Suppose 82 = 5*t + 22. What is the highest common factor of u and t?
6
Let k = 18 - 13. Suppose j - 5*r - 92 = 0, 2*r = j + k*r - 60. What is the highest common divisor of j and 9?
9
Let v(q) = -q**3 + 20*q**2 + 2*q - 8. Let t be v(20). What is the highest common divisor of 4 and t?
4
Suppose 0 = -j + 48 - 6. Let r(d) = 8*d**2 - 1. Let b be r(1). What is the highest common factor of b and j?
7
Let a be (-3)/(-1) - (-5 + 4). Let m be 0 - 186/(-1*2). Suppose a*q - m = -37. What is the highest common divisor of 70 and q?
14
Let i(n) = 11*n**3 - 3*n**2 + 3*n - 1. Let b be i(2). What is the highest common factor of 9 and b?
9
Suppose -81 = -3*k + 69. Let j be 9 - (-1 - 0/(-2)). Calculate the greatest common factor of j and k.
10
Suppose -5*r + 41 + 4 = 0. Let q = r - 1. Calculate the highest common divisor of q and 20.
4
Suppose -4*k - 262 = -2*p, 4*p - 134 = 2*k - 0*p. Let b = k - -156. What is the greatest common divisor of b and 13?
13
Suppose -3*k = -4*c - 64, -4*k + 85 = -7*c + 2*c. Calculate the highest common factor of k and 220.
20
Suppose 2*s - 23 - 9 = 0. Let l(j) = j + 8. Let y = -5 - -1. Let g be l(y). What is the greatest common divisor of s and g?
4
Let w = -3 + 39. What is the highest common factor of 144 and w?
36
Let l(t) = -t**3 + 8*t**2 - 11*t - 8. Let r be l(8). Let n = -36 - r. Let g be (2 - (1 + 1)) + n. What is the highest common divisor of 10 and g?
10
Suppose -2*b = 8, u - 9 = -4*b + 11. Calculate the greatest common divisor of 12 and u.
12
Let l(o) = -o**3 - 6*o**2 - 6*o + 1. Let z be l(-5). Let d = 8 - z. Suppose d*f - 5*f = -36. Calculate the highest common divisor of f and 60.
12
Let k(d) = 1111*d**3 - 1. Let m be k(-1). Let y be (1 - -1)/(16/m). Let a = -55 - y. Calculate the greatest common divisor of a and 12.
12
Suppose i - w - 4 = 3*w, -3*w = 3*i + 18. Let t be i/(-3)*(-3 + 18). Let z be -25*(0 - (-2)/(-1)). Calculate the greatest common divisor of t and z.
10
Suppose 0*s + 4*s = 32. Suppose -n + 0*n + 54 = 0. Let k = n - -34. Calculate the highest common factor of k and s.
8
Let r be (310 - -4)*2/(-4). Let z = -112 - r. Calculate the highest common factor of z and 9.
9
Let f be ((-28)/21)/((-2)/120). Calculate the highest common factor of 10 and f.
10
Let n be (-40)/(-18) + 4/(-18). Suppose -n*z = -3*r + z + 123, 4*r = 5*z + 168. Let i = -25 + r. Calculate the highest common divisor of 30 and i.
6
Let c(f) = -3*f - 12. Let u be c(-8). Calculate the highest common divisor of u and 96.
12
Let d be (-4)/6 - 205/(-15). Calculate the highest common factor of d and 13.
13
Let n be 374/33*(-6)/(-4). What is the highest common divisor of 119 and n?
17
Let m(j) = 5*j**2 + 2*j + 1. Let x be m(-1). Suppose 0 = -3*l + o + 25, x*l - 3*o + 14 = 49. What is the highest common divisor of l and 1?
1
Let z be 4/(-5)*(-10)/(-2). Let f(v) = v**3 + 4*v**2 + v + 5. Let c be f(z). Suppose 4*u = -0*u + 4. Calculate the greatest common factor of c and u.
1
Suppose -4*k + 9*k - 46 = -2*q, -50 = -3*q + 2*k. Let c be (-7 + 1 + 0)*-6. What is the greatest common factor of q and c?
18
Let u(x) = x**2 - 5*x - 6. Let r be u(-4). Let m = 90 - 80. What is the highest common factor of m and r?
10
Suppose 3*b - x = 2*b + 32, 4*b - 5*x = 130. What is the highest common factor of b and 20?
10
Let x(h) = -h + 2. Suppose 0*t - 2*t = -2*c - 14, 0 = 2*c + 4*t - 16. Let z be x(c). What is the highest common factor of 12 and z?
4
Let o(g) = -3*g**3 + 6*g**2 + 9*g + 7. Let c be o(-3). Calculate the greatest common factor of c and 23.
23
Let x = -14 - -17. Suppose 0 = x*n - s - 108, 3*n - 2*n + 5*s - 36 = 0. What is the highest common factor of 9 and n?
9
Suppose 110 + 56 = 2*v - 3*g, -5*v - 3*g + 373 = 0. Calculate the greatest common factor of v and 7.
7
Suppose -4*d = -d - 12. Suppose 4 = 2*o - d. Let p(h) = h**3 - 2*h**2 - 4. Let z be p(o). Calculate the greatest common divisor of 7 and z.
7
Let u be -1 + 64 + (5 - 4). What is the highest common divisor of u and 192?
64
Suppose 0*l + 16 = 2*l. Let y be (-313)/(-9) - l/(-36). Suppose -2*r + 5 + 9 = 0. Calculate the highest common factor of r and y.
7
Suppose 4*v + 4*k - 24 = 0, -3*v + 0*k = 2*k - 22. What is the greatest common factor of 15 and v?
5
Let d(n) = 15*n**2 - 4*n + 2. Let z be d(3). Suppose -z - 211 = -4*u. Calculate the highest common divisor of 12 and u.
12
Suppose 120 = 5*h - 5*b, -92 = -8*h + 4*h + 2*b. Suppose -3*x - 19 = 8. Let z = h + x. Calculate the greatest common divisor of 143 and z.
13
Let g(r) = -2*r**2 - 1. Let t be g(1). Let q be (-11)/t + (-16)/24. What is the greatest common divisor of q and 21?
3
Suppose 4*v + 2*w - 59 - 461 = 0, -5*v + 5*w = -620. Calculate the highest common divisor of v and 16.
16
Let a(h) = -h**2 - 9*h + 1. Let q = 11 - 18. Let m be a(q). Suppose 5*k + m - 60 = 0. Calculate the greatest common factor of k and 6.
3
Let n(l) = -l**2 + l + 2. Let j be n(0). Calculate the highest common factor of 2 and j.
2
Let g = 143 - 59. What is the highest common divisor of g and 12?
12
Let n(l) = -l**3 - 5*l**2 + l + 11. Let h be n(-5). Suppose 0 = 4*w - 3*z - 49 - 24, 2*z = -h. What is the highest common divisor of w and 32?
16
Let k(v) = v**2 + 3*v. Let t be k(-3). Suppose t = 3*r - 123 - 132. What is the highest common factor of 17 and r?
17
Let i = -108 - -113. Calculate the greatest common divisor of 65 and i.
5
Suppose -5*i = -2*o - 365, 0*i = -2*i + 2*o + 140. Let b = i - 32. Suppose -4*z + 65 = -b. What is the greatest common divisor of z and 3?
3
Suppose v + v = 10. Let o = -8 + 13. Suppose 223 = o*w - 52. What is the greatest common factor of v and w?
5
Let q be (3 - 2 - 0)/(3/357). Calculate the highest common divisor of 17 and q.
17
Let x(p) = -3*p - 2. Let m be x(-3). Let s = 21 + -38. Let b = -10 - s. Calculate the greatest common divisor of m and b.
7
Suppose 0 = -2*j + 3*f + 5, -5*j + 8 = -3*f. Let v be (-5 + 2/j)*-16. What is the greatest common factor of 32 and v?
16
Suppose -7 = -7*c + 21. Let z(d) = 17*d - 5. Let n be z(c). Calculate the highest common divisor of 7 and n.
7
Let h be ((-44)/8)/((-1)/2). Suppose -3*u - b + 1 = 0, -2*b - h = -u + 1. Suppose 2*q - 5*z + z = -u, -4 = -z. Calculate the highest common divisor of q and 56.
7
Let v = -105 + 142. Calculate the greatest common divisor of v and 37.
37
Suppose -5*h + 20 = -25. Suppose -26 = -2*q - c, h = -4*c - 7. Calculate the greatest common factor of 60 and q.
15
Let q be (2/(-6))/(1/(-114)). Suppose -q = 3*u - 5*u. Calculate the highest common factor of 76 and u.
19
Suppose -4*h - 50 = -2*b - 2*h, 0 = 